{"id":12869,"date":"2023-05-30T08:36:41","date_gmt":"2023-05-30T08:36:41","guid":{"rendered":"https:\/\/boutique-durag.com\/produit\/brosse-wave-noir\/"},"modified":"2024-09-17T14:39:47","modified_gmt":"2024-09-17T14:39:47","slug":"brosse-wave-noir","status":"publish","type":"product","link":"https:\/\/boutique-durag.com\/es\/producto\/brosse-wave-noir\/","title":{"rendered":"cepillo de onda negra"},"content":{"rendered":"<h2>Este <strong>cepillo para ondas negro<\/strong> es ideal para <strong>wavers<\/strong> que buscan <strong>ondas r\u00e1pidas<\/strong>, es con el cepillado que te conviertes en un <strong> la \u00e9lite vacila<\/strong>. Este <strong>cepillo para ondas<\/strong> est\u00e1 elaborado con materiales <strong>suaves<\/strong> que no <strong>irritan tu piel<\/strong>, tambi\u00e9n puede usarse para la barba porque es <strong> &gt;suficientemente suave para el rostro<\/strong>. Util\u00edzalo frecuentemente sin temer por la <strong>salud de tu cabello<\/strong>, es <strong>perfecto para alisarlo<\/strong> y obtener <strong>mejores resultados<\/strong>. <strong>El env\u00edo es gratuito<\/strong>. \u00bfBusca otra variaci\u00f3n de color? Aqu\u00ed ten\u00e9is el <a href=\"https:\/\/boutique-durag.com\/es\/produit\/brosse-wave-rouge\/\">pincel ondas rojo<\/a>. Descubre toda la gama de <a href=\"https:\/\/boutique-durag.com\/es\/collections\/onda-brosse\/\" class=\"broken_link\">cepillos para ondas<\/a> !<\/h2>\n","protected":false},"excerpt":{"rendered":"<p>Este cepillo para ondas negro es ideal para wavers que buscan ondas r\u00e1pidas, es con el cepillado que te conviertes en un la \u00e9lite vacila. Este cepillo para ondas est\u00e1 elaborado con materiales suaves que no irritan tu piel, tambi\u00e9n puede usarse para la barba porque es &gt;suficientemente suave para el rostro. Util\u00edzalo frecuentemente sin [&hellip;]<\/p>\n","protected":false},"featured_media":11585,"comment_status":"open","ping_status":"closed","template":"","meta":[],"product_cat":[619,611],"product_tag":[],"class_list":{"0":"post-12869","1":"product","2":"type-product","3":"status-publish","4":"has-post-thumbnail","6":"product_cat-durag-color","7":"product_cat-onda-brosse","9":"first","10":"instock","11":"shipping-taxable","12":"purchasable","13":"product-type-simple"},"yoast_head":"<title>cepillo de onda negra entrega gratuita | Ahorre un 30% en su pedido<\/title>\n<meta name=\"description\" content=\"Reciba su cepillo de onda negra hoy mismo y benef\u00edciese de env\u00edo gratuito | 24\/48h dispatch\" \/>\n<meta name=\"robots\" content=\"index, follow, max-snippet:-1, max-image-preview:large, max-video-preview:-1\" \/>\n<link rel=\"canonical\" href=\"https:\/\/boutique-durag.com\/es\/producto\/brosse-wave-noir\/\" \/>\n<meta property=\"og:locale\" content=\"es_ES\" \/>\n<meta property=\"og:type\" content=\"article\" \/>\n<meta property=\"og:title\" content=\"cepillo de onda negra entrega gratuita | Ahorre un 30% en su pedido\" \/>\n<meta property=\"og:description\" content=\"Reciba su cepillo de onda negra hoy mismo y benef\u00edciese de env\u00edo gratuito | 24\/48h dispatch\" \/>\n<meta property=\"og:url\" content=\"https:\/\/boutique-durag.com\/es\/producto\/brosse-wave-noir\/\" \/>\n<meta property=\"og:site_name\" content=\"Tienda Durag\" \/>\n<meta property=\"article:modified_time\" content=\"2024-09-17T14:39:47+00:00\" \/>\n<meta property=\"og:image\" content=\"https:\/\/boutique-durag.com\/wp-content\/uploads\/2023\/05\/product-image-1640545839.jpg\" \/>\n\t<meta property=\"og:image:width\" content=\"640\" \/>\n\t<meta property=\"og:image:height\" content=\"640\" \/>\n\t<meta property=\"og:image:type\" content=\"image\/jpeg\" \/>\n<meta name=\"twitter:card\" content=\"summary_large_image\" \/>\n<meta name=\"twitter:label1\" content=\"Tiempo de lectura\" \/>\n\t<meta name=\"twitter:data1\" content=\"1 minuto\" \/>\n<script type=\"application\/ld+json\" class=\"yoast-schema-graph\">{\"@context\":\"https:\/\/schema.org\",\"@graph\":[{\"@type\":\"WebPage\",\"@id\":\"https:\/\/boutique-durag.com\/es\/producto\/brosse-wave-noir\/\",\"url\":\"https:\/\/boutique-durag.com\/es\/producto\/brosse-wave-noir\/\",\"name\":\"cepillo de onda negra entrega gratuita | Ahorre un 30% en su pedido\",\"isPartOf\":{\"@id\":\"https:\/\/boutique-durag.com\/es\/#website\"},\"primaryImageOfPage\":{\"@id\":\"https:\/\/boutique-durag.com\/es\/producto\/brosse-wave-noir\/#primaryimage\"},\"image\":{\"@id\":\"https:\/\/boutique-durag.com\/es\/producto\/brosse-wave-noir\/#primaryimage\"},\"thumbnailUrl\":\"https:\/\/boutique-durag.com\/wp-content\/uploads\/2023\/05\/product-image-1640545839.jpg\",\"datePublished\":\"2023-05-30T08:36:41+00:00\",\"dateModified\":\"2024-09-17T14:39:47+00:00\",\"description\":\"Reciba su cepillo de onda negra hoy mismo y benef\u00edciese de env\u00edo gratuito | 24\/48h dispatch\",\"breadcrumb\":{\"@id\":\"https:\/\/boutique-durag.com\/es\/producto\/brosse-wave-noir\/#breadcrumb\"},\"inLanguage\":\"es\",\"potentialAction\":[{\"@type\":\"ReadAction\",\"target\":[\"https:\/\/boutique-durag.com\/es\/producto\/brosse-wave-noir\/\"]}]},{\"@type\":\"ImageObject\",\"inLanguage\":\"es\",\"@id\":\"https:\/\/boutique-durag.com\/es\/producto\/brosse-wave-noir\/#primaryimage\",\"url\":\"https:\/\/boutique-durag.com\/wp-content\/uploads\/2023\/05\/product-image-1640545839.jpg\",\"contentUrl\":\"https:\/\/boutique-durag.com\/wp-content\/uploads\/2023\/05\/product-image-1640545839.jpg\",\"width\":640,\"height\":640},{\"@type\":\"BreadcrumbList\",\"@id\":\"https:\/\/boutique-durag.com\/es\/producto\/brosse-wave-noir\/#breadcrumb\",\"itemListElement\":[{\"@type\":\"ListItem\",\"position\":1,\"name\":\"Boutique durag\",\"item\":\"https:\/\/boutique-durag.com\/es\/inicio\/\"},{\"@type\":\"ListItem\",\"position\":2,\"name\":\"Tienda\",\"item\":\"https:\/\/boutique-durag.com\/es\/tienda\/\"},{\"@type\":\"ListItem\",\"position\":3,\"name\":\"Durag Color\",\"item\":\"https:\/\/boutique-durag.com\/es\/colecciones\/durag-color\/\"},{\"@type\":\"ListItem\",\"position\":4,\"name\":\"cepillo de onda negra\"}]},{\"@type\":\"WebSite\",\"@id\":\"https:\/\/boutique-durag.com\/es\/#website\",\"url\":\"https:\/\/boutique-durag.com\/es\/\",\"name\":\"Tienda Durag\",\"description\":\"Tienda francesa de ropa de calle para hombre y mujer dedicada al mundo del durag y la cultura hip-hop. Descubre nuestra selecci\u00f3n de durag.\",\"publisher\":{\"@id\":\"https:\/\/boutique-durag.com\/es\/#organization\"},\"potentialAction\":[{\"@type\":\"SearchAction\",\"target\":{\"@type\":\"EntryPoint\",\"urlTemplate\":\"https:\/\/boutique-durag.com\/es\/?s={search_term_string}\"},\"query-input\":{\"@type\":\"PropertyValueSpecification\",\"valueRequired\":true,\"valueName\":\"search_term_string\"}}],\"inLanguage\":\"es\"},{\"@type\":\"Organization\",\"@id\":\"https:\/\/boutique-durag.com\/es\/#organization\",\"name\":\"Tienda Durag\",\"url\":\"https:\/\/boutique-durag.com\/es\/\",\"logo\":{\"@type\":\"ImageObject\",\"inLanguage\":\"es\",\"@id\":\"https:\/\/boutique-durag.com\/es\/#\/schema\/logo\/image\/\",\"url\":\"https:\/\/boutique-durag.com\/wp-content\/uploads\/2023\/05\/cropped-Site-Logo-3-1.png\",\"contentUrl\":\"https:\/\/boutique-durag.com\/wp-content\/uploads\/2023\/05\/cropped-Site-Logo-3-1.png\",\"width\":400,\"height\":100,\"caption\":\"Tienda Durag\"},\"image\":{\"@id\":\"https:\/\/boutique-durag.com\/es\/#\/schema\/logo\/image\/\"}}]}<\/script>","yoast_head_json":{"title":"cepillo de onda negra entrega gratuita | Ahorre un 30% en su pedido","description":"Reciba su cepillo de onda negra hoy mismo y benef\u00edciese de env\u00edo gratuito | 24\/48h dispatch","robots":{"index":"index","follow":"follow","max-snippet":"max-snippet:-1","max-image-preview":"max-image-preview:large","max-video-preview":"max-video-preview:-1"},"canonical":"https:\/\/boutique-durag.com\/es\/producto\/brosse-wave-noir\/","og_locale":"es_ES","og_type":"article","og_title":"cepillo de onda negra entrega gratuita | Ahorre un 30% en su pedido","og_description":"Reciba su cepillo de onda negra hoy mismo y benef\u00edciese de env\u00edo gratuito | 24\/48h dispatch","og_url":"https:\/\/boutique-durag.com\/es\/producto\/brosse-wave-noir\/","og_site_name":"Tienda Durag","article_modified_time":"2024-09-17T14:39:47+00:00","og_image":[{"width":640,"height":640,"url":"https:\/\/boutique-durag.com\/wp-content\/uploads\/2023\/05\/product-image-1640545839.jpg","type":"image\/jpeg"}],"twitter_card":"summary_large_image","twitter_misc":{"Tiempo de lectura":"1 minuto"},"schema":{"@context":"https:\/\/schema.org","@graph":[{"@type":"WebPage","@id":"https:\/\/boutique-durag.com\/es\/producto\/brosse-wave-noir\/","url":"https:\/\/boutique-durag.com\/es\/producto\/brosse-wave-noir\/","name":"cepillo de onda negra entrega gratuita | Ahorre un 30% en su pedido","isPartOf":{"@id":"https:\/\/boutique-durag.com\/es\/#website"},"primaryImageOfPage":{"@id":"https:\/\/boutique-durag.com\/es\/producto\/brosse-wave-noir\/#primaryimage"},"image":{"@id":"https:\/\/boutique-durag.com\/es\/producto\/brosse-wave-noir\/#primaryimage"},"thumbnailUrl":"https:\/\/boutique-durag.com\/wp-content\/uploads\/2023\/05\/product-image-1640545839.jpg","datePublished":"2023-05-30T08:36:41+00:00","dateModified":"2024-09-17T14:39:47+00:00","description":"Reciba su cepillo de onda negra hoy mismo y benef\u00edciese de env\u00edo gratuito | 24\/48h dispatch","breadcrumb":{"@id":"https:\/\/boutique-durag.com\/es\/producto\/brosse-wave-noir\/#breadcrumb"},"inLanguage":"es","potentialAction":[{"@type":"ReadAction","target":["https:\/\/boutique-durag.com\/es\/producto\/brosse-wave-noir\/"]}]},{"@type":"ImageObject","inLanguage":"es","@id":"https:\/\/boutique-durag.com\/es\/producto\/brosse-wave-noir\/#primaryimage","url":"https:\/\/boutique-durag.com\/wp-content\/uploads\/2023\/05\/product-image-1640545839.jpg","contentUrl":"https:\/\/boutique-durag.com\/wp-content\/uploads\/2023\/05\/product-image-1640545839.jpg","width":640,"height":640},{"@type":"BreadcrumbList","@id":"https:\/\/boutique-durag.com\/es\/producto\/brosse-wave-noir\/#breadcrumb","itemListElement":[{"@type":"ListItem","position":1,"name":"Boutique durag","item":"https:\/\/boutique-durag.com\/es\/inicio\/"},{"@type":"ListItem","position":2,"name":"Tienda","item":"https:\/\/boutique-durag.com\/es\/tienda\/"},{"@type":"ListItem","position":3,"name":"Durag Color","item":"https:\/\/boutique-durag.com\/es\/colecciones\/durag-color\/"},{"@type":"ListItem","position":4,"name":"cepillo de onda negra"}]},{"@type":"WebSite","@id":"https:\/\/boutique-durag.com\/es\/#website","url":"https:\/\/boutique-durag.com\/es\/","name":"Tienda Durag","description":"Tienda francesa de ropa de calle para hombre y mujer dedicada al mundo del durag y la cultura hip-hop. Descubre nuestra selecci\u00f3n de durag.","publisher":{"@id":"https:\/\/boutique-durag.com\/es\/#organization"},"potentialAction":[{"@type":"SearchAction","target":{"@type":"EntryPoint","urlTemplate":"https:\/\/boutique-durag.com\/es\/?s={search_term_string}"},"query-input":{"@type":"PropertyValueSpecification","valueRequired":true,"valueName":"search_term_string"}}],"inLanguage":"es"},{"@type":"Organization","@id":"https:\/\/boutique-durag.com\/es\/#organization","name":"Tienda Durag","url":"https:\/\/boutique-durag.com\/es\/","logo":{"@type":"ImageObject","inLanguage":"es","@id":"https:\/\/boutique-durag.com\/es\/#\/schema\/logo\/image\/","url":"https:\/\/boutique-durag.com\/wp-content\/uploads\/2023\/05\/cropped-Site-Logo-3-1.png","contentUrl":"https:\/\/boutique-durag.com\/wp-content\/uploads\/2023\/05\/cropped-Site-Logo-3-1.png","width":400,"height":100,"caption":"Tienda Durag"},"image":{"@id":"https:\/\/boutique-durag.com\/es\/#\/schema\/logo\/image\/"}}]}},"_links":{"self":[{"href":"https:\/\/boutique-durag.com\/es\/wp-json\/wp\/v2\/product\/12869"}],"collection":[{"href":"https:\/\/boutique-durag.com\/es\/wp-json\/wp\/v2\/product"}],"about":[{"href":"https:\/\/boutique-durag.com\/es\/wp-json\/wp\/v2\/types\/product"}],"replies":[{"embeddable":true,"href":"https:\/\/boutique-durag.com\/es\/wp-json\/wp\/v2\/comments?post=12869"}],"wp:featuredmedia":[{"embeddable":true,"href":"https:\/\/boutique-durag.com\/es\/wp-json\/wp\/v2\/media\/11585"}],"wp:attachment":[{"href":"https:\/\/boutique-durag.com\/es\/wp-json\/wp\/v2\/media?parent=12869"}],"wp:term":[{"taxonomy":"product_cat","embeddable":true,"href":"https:\/\/boutique-durag.com\/es\/wp-json\/wp\/v2\/product_cat?post=12869"},{"taxonomy":"product_tag","embeddable":true,"href":"https:\/\/boutique-durag.com\/es\/wp-json\/wp\/v2\/product_tag?post=12869"}],"curies":[{"name":"wp","href":"https:\/\/api.w.org\/{rel}","templated":true}]}}

<h2>Este <strong>cepillo para ondas negro</strong> es ideal para <strong>wavers</strong> que buscan <strong>ondas rápidas</strong>, es con el cepillado que te conviertes en un <strong> la élite vacila</strong>. Este <strong>cepillo para ondas</strong> está elaborado con materiales <strong>suaves</strong> que no <strong>irritan tu piel</strong>, también puede usarse para la barba porque es <strong> &gt;suficientemente suave para el rostro</strong>. Utilízalo frecuentemente sin temer por la <strong>salud de tu cabello</strong>, es <strong>perfecto para alisarlo</strong> y obtener <strong>mejores resultados</strong>. <strong>El envío es gratuito</strong>. ¿Busca otra variación de color? Aquí tenéis el <a href="https://boutique-durag.com/es/produit/brosse-wave-rouge/">pincel ondas rojo</a>. Descubre toda la gama de <a href="https://boutique-durag.com/es/collections/onda-brosse/" class="broken_link">cepillos para ondas</a> !</h2>

<p>Este cepillo para ondas negro es ideal para wavers que buscan ondas rápidas, es con el cepillado que te conviertes en un la élite vacila. Este cepillo para ondas está elaborado con materiales suaves que no irritan tu piel, también puede usarse para la barba porque es &gt;suficientemente suave para el rostro. Utilízalo frecuentemente sin [&hellip;]</p>

<title>cepillo de onda negra entrega gratuita | Ahorre un 30% en su pedido</title>
<meta name="description" content="Reciba su cepillo de onda negra hoy mismo y benefíciese de envío gratuito | 24/48h dispatch" />
<meta name="robots" content="index, follow, max-snippet:-1, max-image-preview:large, max-video-preview:-1" />
<link rel="canonical" href="https://boutique-durag.com/es/producto/brosse-wave-noir/" />
<meta property="og:locale" content="es_ES" />
<meta property="og:type" content="article" />
<meta property="og:title" content="cepillo de onda negra entrega gratuita | Ahorre un 30% en su pedido" />
<meta property="og:description" content="Reciba su cepillo de onda negra hoy mismo y benefíciese de envío gratuito | 24/48h dispatch" />
<meta property="og:url" content="https://boutique-durag.com/es/producto/brosse-wave-noir/" />
<meta property="og:site_name" content="Tienda Durag" />
<meta property="article:modified_time" content="2024-09-17T14:39:47+00:00" />
<meta property="og:image" content="https://boutique-durag.com/wp-content/uploads/2023/05/product-image-1640545839.jpg" />
	<meta property="og:image:width" content="640" />
	<meta property="og:image:height" content="640" />
	<meta property="og:image:type" content="image/jpeg" />
<meta name="twitter:card" content="summary_large_image" />
<meta name="twitter:label1" content="Tiempo de lectura" />
	<meta name="twitter:data1" content="1 minuto" />
<script type="application/ld+json" class="yoast-schema-graph">{"@context":"https://schema.org","@graph":[{"@type":"WebPage","@id":"https://boutique-durag.com/es/producto/brosse-wave-noir/","url":"https://boutique-durag.com/es/producto/brosse-wave-noir/","name":"cepillo de onda negra entrega gratuita | Ahorre un 30% en su pedido","isPartOf":{"@id":"https://boutique-durag.com/es/#website"},"primaryImageOfPage":{"@id":"https://boutique-durag.com/es/producto/brosse-wave-noir/#primaryimage"},"image":{"@id":"https://boutique-durag.com/es/producto/brosse-wave-noir/#primaryimage"},"thumbnailUrl":"https://boutique-durag.com/wp-content/uploads/2023/05/product-image-1640545839.jpg","datePublished":"2023-05-30T08:36:41+00:00","dateModified":"2024-09-17T14:39:47+00:00","description":"Reciba su cepillo de onda negra hoy mismo y benefíciese de envío gratuito | 24/48h dispatch","breadcrumb":{"@id":"https://boutique-durag.com/es/producto/brosse-wave-noir/#breadcrumb"},"inLanguage":"es","potentialAction":[{"@type":"ReadAction","target":["https://boutique-durag.com/es/producto/brosse-wave-noir/"]}]},{"@type":"ImageObject","inLanguage":"es","@id":"https://boutique-durag.com/es/producto/brosse-wave-noir/#primaryimage","url":"https://boutique-durag.com/wp-content/uploads/2023/05/product-image-1640545839.jpg","contentUrl":"https://boutique-durag.com/wp-content/uploads/2023/05/product-image-1640545839.jpg","width":640,"height":640},{"@type":"BreadcrumbList","@id":"https://boutique-durag.com/es/producto/brosse-wave-noir/#breadcrumb","itemListElement":[{"@type":"ListItem","position":1,"name":"Boutique durag","item":"https://boutique-durag.com/es/inicio/"},{"@type":"ListItem","position":2,"name":"Tienda","item":"https://boutique-durag.com/es/tienda/"},{"@type":"ListItem","position":3,"name":"Durag Color","item":"https://boutique-durag.com/es/colecciones/durag-color/"},{"@type":"ListItem","position":4,"name":"cepillo de onda negra"}]},{"@type":"WebSite","@id":"https://boutique-durag.com/es/#website","url":"https://boutique-durag.com/es/","name":"Tienda Durag","description":"Tienda francesa de ropa de calle para hombre y mujer dedicada al mundo del durag y la cultura hip-hop. Descubre nuestra selección de durag.","publisher":{"@id":"https://boutique-durag.com/es/#organization"},"potentialAction":[{"@type":"SearchAction","target":{"@type":"EntryPoint","urlTemplate":"https://boutique-durag.com/es/?s={search_term_string}"},"query-input":{"@type":"PropertyValueSpecification","valueRequired":true,"valueName":"search_term_string"}}],"inLanguage":"es"},{"@type":"Organization","@id":"https://boutique-durag.com/es/#organization","name":"Tienda Durag","url":"https://boutique-durag.com/es/","logo":{"@type":"ImageObject","inLanguage":"es","@id":"https://boutique-durag.com/es/#/schema/logo/image/","url":"https://boutique-durag.com/wp-content/uploads/2023/05/cropped-Site-Logo-3-1.png","contentUrl":"https://boutique-durag.com/wp-content/uploads/2023/05/cropped-Site-Logo-3-1.png","width":400,"height":100,"caption":"Tienda Durag"},"image":{"@id":"https://boutique-durag.com/es/#/schema/logo/image/"}}]}</script>

Reciba su cepillo de onda negra hoy mismo y benefíciese de envío gratuito | 24/48h dispatch

Tienda francesa de ropa de calle para hombre y mujer dedicada al mundo del durag y la cultura hip-hop. Descubre nuestra selección de durag.
