{"id":12296,"date":"2023-05-30T09:11:48","date_gmt":"2023-05-30T09:11:48","guid":{"rendered":"https:\/\/boutique-durag.com\/produit\/wave-cap-marron\/"},"modified":"2024-09-17T14:32:59","modified_gmt":"2024-09-17T14:32:59","slug":"wave-cap-marron","status":"publish","type":"product","link":"https:\/\/boutique-durag.com\/es\/producto\/wave-cap-marron\/","title":{"rendered":"gorra ondulada marr\u00f3n"},"content":{"rendered":"<h2><span style=\"font-size: 1.4em\">Si te gust\u00f3 el dise\u00f1o de este durag, debes saber que puede proporcionar una protecci\u00f3n \u00f3ptima para tu cabello y darle un aspecto original.<\/span> <\/h2>\n<ul>\n<li class=\"MsoNormal\" style=\"line-height: normal\">Su <b>material suave y no agresivo<\/b> lo convierte en un accesorio protector para tu piel y dir\u00e1s adi\u00f3s a las marcas no deseadas.<\/ li>\n<li class=\"MsoNormal\" style=\"line-height: normal\">Esta gorra ondulada<b>se adapta a todas las cabezas<\/b> y es f\u00e1cil de ajustar.<\/li>\n<li class=\"MsoNormal\" style=\"line-height: normal\">Adem\u00e1s de proteger tu cabello, <b>hace que mejore<\/b> con el tiempo.<\/li>\n<li class=\"MsoNormal\" style=\"line-height: normal\">La configuraci\u00f3n es <b>r\u00e1pida y confiable<\/b>.<\/li>\n<li class=\"MsoNormal\" style=\"line-height: normal\">Esta gorra ondulada es <b>ideal para cualquier estaci\u00f3n<\/b>, ya que puede protegerte y abrigarte.<\/li>\n<li class=\"MsoNormal\" style=\"line-height: normal\">Ya sea que tengas el cabello encrespado, ondulado o rizado, este durag <b>te quedar\u00e1 perfecto<\/b>.<\/li>\n<\/ul>\n<ul>\n<li class=\"MsoNormal\" style=\"line-height: normal\"><b><u>La entrega est\u00e1ndar es gratuita<\/u><\/b><\/li>\n<\/ul>\n<p><a href=\"https:\/\/boutique-durag.com\/produit\/wave-cap-orange\/\"><u>\ufeff<\/u><\/a><a href=\"https:\/\/boutique -durag.com\/produit\/wave-cap-orange\/\">\ufeffla gorra ondulada de color naranja<\/a> definitivamente ser\u00e1 una buena elecci\u00f3n, no dudes en echarle un vistazo<\/p>\n<p><em><b>\ufeff<\/b><\/em><em>\ufeffcategor\u00eda:<span> <\/span><a href=\"https:\/\/boutique-durag.com\/es\/collections\/gorra-wave\/\" class=\"broken_link\">durag<\/a><\/em><\/p>\n<ol><\/ol>\n","protected":false},"excerpt":{"rendered":"<p>Si te gust\u00f3 el dise\u00f1o de este durag, debes saber que puede proporcionar una protecci\u00f3n \u00f3ptima para tu cabello y darle un aspecto original. Su material suave y no agresivo lo convierte en un accesorio protector para tu piel y dir\u00e1s adi\u00f3s a las marcas no deseadas. Esta gorra onduladase adapta a todas las cabezas [&hellip;]<\/p>\n","protected":false},"featured_media":12203,"comment_status":"open","ping_status":"closed","template":"","meta":[],"product_cat":[636],"product_tag":[],"class_list":{"0":"post-12296","1":"product","2":"type-product","3":"status-publish","4":"has-post-thumbnail","6":"product_cat-gorra-wave","8":"first","9":"instock","10":"shipping-taxable","11":"purchasable","12":"product-type-simple"},"yoast_head":"<title>gorra ondulada marr\u00f3n entrega gratuita | Ahorre un 30% en su pedido<\/title>\n<meta name=\"description\" content=\"Reciba su gorra ondulada marr\u00f3n hoy mismo y benef\u00edciese de env\u00edo gratuito | 24\/48h dispatch\" \/>\n<meta name=\"robots\" content=\"index, follow, max-snippet:-1, max-image-preview:large, max-video-preview:-1\" \/>\n<link rel=\"canonical\" href=\"https:\/\/boutique-durag.com\/es\/producto\/wave-cap-marron\/\" \/>\n<meta property=\"og:locale\" content=\"es_ES\" \/>\n<meta property=\"og:type\" content=\"article\" \/>\n<meta property=\"og:title\" content=\"gorra ondulada marr\u00f3n entrega gratuita | Ahorre un 30% en su pedido\" \/>\n<meta property=\"og:description\" content=\"Reciba su gorra ondulada marr\u00f3n hoy mismo y benef\u00edciese de env\u00edo gratuito | 24\/48h dispatch\" \/>\n<meta property=\"og:url\" content=\"https:\/\/boutique-durag.com\/es\/producto\/wave-cap-marron\/\" \/>\n<meta property=\"og:site_name\" content=\"Tienda Durag\" \/>\n<meta property=\"article:modified_time\" content=\"2024-09-17T14:32:59+00:00\" \/>\n<meta property=\"og:image\" content=\"https:\/\/boutique-durag.com\/wp-content\/uploads\/2023\/05\/product-image-1457393901.jpg\" \/>\n\t<meta property=\"og:image:width\" content=\"640\" \/>\n\t<meta property=\"og:image:height\" content=\"640\" \/>\n\t<meta property=\"og:image:type\" content=\"image\/jpeg\" \/>\n<meta name=\"twitter:card\" content=\"summary_large_image\" \/>\n<meta name=\"twitter:label1\" content=\"Tiempo de lectura\" \/>\n\t<meta name=\"twitter:data1\" content=\"1 minuto\" \/>\n<script type=\"application\/ld+json\" class=\"yoast-schema-graph\">{\"@context\":\"https:\/\/schema.org\",\"@graph\":[{\"@type\":\"WebPage\",\"@id\":\"https:\/\/boutique-durag.com\/es\/producto\/wave-cap-marron\/\",\"url\":\"https:\/\/boutique-durag.com\/es\/producto\/wave-cap-marron\/\",\"name\":\"gorra ondulada marr\u00f3n entrega gratuita | Ahorre un 30% en su pedido\",\"isPartOf\":{\"@id\":\"https:\/\/boutique-durag.com\/es\/#website\"},\"primaryImageOfPage\":{\"@id\":\"https:\/\/boutique-durag.com\/es\/producto\/wave-cap-marron\/#primaryimage\"},\"image\":{\"@id\":\"https:\/\/boutique-durag.com\/es\/producto\/wave-cap-marron\/#primaryimage\"},\"thumbnailUrl\":\"https:\/\/boutique-durag.com\/wp-content\/uploads\/2023\/05\/product-image-1457393901.jpg\",\"datePublished\":\"2023-05-30T09:11:48+00:00\",\"dateModified\":\"2024-09-17T14:32:59+00:00\",\"description\":\"Reciba su gorra ondulada marr\u00f3n hoy mismo y benef\u00edciese de env\u00edo gratuito | 24\/48h dispatch\",\"breadcrumb\":{\"@id\":\"https:\/\/boutique-durag.com\/es\/producto\/wave-cap-marron\/#breadcrumb\"},\"inLanguage\":\"es\",\"potentialAction\":[{\"@type\":\"ReadAction\",\"target\":[\"https:\/\/boutique-durag.com\/es\/producto\/wave-cap-marron\/\"]}]},{\"@type\":\"ImageObject\",\"inLanguage\":\"es\",\"@id\":\"https:\/\/boutique-durag.com\/es\/producto\/wave-cap-marron\/#primaryimage\",\"url\":\"https:\/\/boutique-durag.com\/wp-content\/uploads\/2023\/05\/product-image-1457393901.jpg\",\"contentUrl\":\"https:\/\/boutique-durag.com\/wp-content\/uploads\/2023\/05\/product-image-1457393901.jpg\",\"width\":640,\"height\":640},{\"@type\":\"BreadcrumbList\",\"@id\":\"https:\/\/boutique-durag.com\/es\/producto\/wave-cap-marron\/#breadcrumb\",\"itemListElement\":[{\"@type\":\"ListItem\",\"position\":1,\"name\":\"Boutique durag\",\"item\":\"https:\/\/boutique-durag.com\/es\/inicio\/\"},{\"@type\":\"ListItem\",\"position\":2,\"name\":\"Tienda\",\"item\":\"https:\/\/boutique-durag.com\/es\/tienda\/\"},{\"@type\":\"ListItem\",\"position\":3,\"name\":\"Gorra Wave\",\"item\":\"https:\/\/boutique-durag.com\/es\/colecciones\/gorra-wave\/\"},{\"@type\":\"ListItem\",\"position\":4,\"name\":\"gorra ondulada marr\u00f3n\"}]},{\"@type\":\"WebSite\",\"@id\":\"https:\/\/boutique-durag.com\/es\/#website\",\"url\":\"https:\/\/boutique-durag.com\/es\/\",\"name\":\"Tienda Durag\",\"description\":\"Tienda francesa de ropa de calle para hombre y mujer dedicada al mundo del durag y la cultura hip-hop. Descubre nuestra selecci\u00f3n de durag.\",\"publisher\":{\"@id\":\"https:\/\/boutique-durag.com\/es\/#organization\"},\"potentialAction\":[{\"@type\":\"SearchAction\",\"target\":{\"@type\":\"EntryPoint\",\"urlTemplate\":\"https:\/\/boutique-durag.com\/es\/?s={search_term_string}\"},\"query-input\":{\"@type\":\"PropertyValueSpecification\",\"valueRequired\":true,\"valueName\":\"search_term_string\"}}],\"inLanguage\":\"es\"},{\"@type\":\"Organization\",\"@id\":\"https:\/\/boutique-durag.com\/es\/#organization\",\"name\":\"Tienda Durag\",\"url\":\"https:\/\/boutique-durag.com\/es\/\",\"logo\":{\"@type\":\"ImageObject\",\"inLanguage\":\"es\",\"@id\":\"https:\/\/boutique-durag.com\/es\/#\/schema\/logo\/image\/\",\"url\":\"https:\/\/boutique-durag.com\/wp-content\/uploads\/2023\/05\/cropped-Site-Logo-3-1.png\",\"contentUrl\":\"https:\/\/boutique-durag.com\/wp-content\/uploads\/2023\/05\/cropped-Site-Logo-3-1.png\",\"width\":400,\"height\":100,\"caption\":\"Tienda Durag\"},\"image\":{\"@id\":\"https:\/\/boutique-durag.com\/es\/#\/schema\/logo\/image\/\"}}]}<\/script>","yoast_head_json":{"title":"gorra ondulada marr\u00f3n entrega gratuita | Ahorre un 30% en su pedido","description":"Reciba su gorra ondulada marr\u00f3n hoy mismo y benef\u00edciese de env\u00edo gratuito | 24\/48h dispatch","robots":{"index":"index","follow":"follow","max-snippet":"max-snippet:-1","max-image-preview":"max-image-preview:large","max-video-preview":"max-video-preview:-1"},"canonical":"https:\/\/boutique-durag.com\/es\/producto\/wave-cap-marron\/","og_locale":"es_ES","og_type":"article","og_title":"gorra ondulada marr\u00f3n entrega gratuita | Ahorre un 30% en su pedido","og_description":"Reciba su gorra ondulada marr\u00f3n hoy mismo y benef\u00edciese de env\u00edo gratuito | 24\/48h dispatch","og_url":"https:\/\/boutique-durag.com\/es\/producto\/wave-cap-marron\/","og_site_name":"Tienda Durag","article_modified_time":"2024-09-17T14:32:59+00:00","og_image":[{"width":640,"height":640,"url":"https:\/\/boutique-durag.com\/wp-content\/uploads\/2023\/05\/product-image-1457393901.jpg","type":"image\/jpeg"}],"twitter_card":"summary_large_image","twitter_misc":{"Tiempo de lectura":"1 minuto"},"schema":{"@context":"https:\/\/schema.org","@graph":[{"@type":"WebPage","@id":"https:\/\/boutique-durag.com\/es\/producto\/wave-cap-marron\/","url":"https:\/\/boutique-durag.com\/es\/producto\/wave-cap-marron\/","name":"gorra ondulada marr\u00f3n entrega gratuita | Ahorre un 30% en su pedido","isPartOf":{"@id":"https:\/\/boutique-durag.com\/es\/#website"},"primaryImageOfPage":{"@id":"https:\/\/boutique-durag.com\/es\/producto\/wave-cap-marron\/#primaryimage"},"image":{"@id":"https:\/\/boutique-durag.com\/es\/producto\/wave-cap-marron\/#primaryimage"},"thumbnailUrl":"https:\/\/boutique-durag.com\/wp-content\/uploads\/2023\/05\/product-image-1457393901.jpg","datePublished":"2023-05-30T09:11:48+00:00","dateModified":"2024-09-17T14:32:59+00:00","description":"Reciba su gorra ondulada marr\u00f3n hoy mismo y benef\u00edciese de env\u00edo gratuito | 24\/48h dispatch","breadcrumb":{"@id":"https:\/\/boutique-durag.com\/es\/producto\/wave-cap-marron\/#breadcrumb"},"inLanguage":"es","potentialAction":[{"@type":"ReadAction","target":["https:\/\/boutique-durag.com\/es\/producto\/wave-cap-marron\/"]}]},{"@type":"ImageObject","inLanguage":"es","@id":"https:\/\/boutique-durag.com\/es\/producto\/wave-cap-marron\/#primaryimage","url":"https:\/\/boutique-durag.com\/wp-content\/uploads\/2023\/05\/product-image-1457393901.jpg","contentUrl":"https:\/\/boutique-durag.com\/wp-content\/uploads\/2023\/05\/product-image-1457393901.jpg","width":640,"height":640},{"@type":"BreadcrumbList","@id":"https:\/\/boutique-durag.com\/es\/producto\/wave-cap-marron\/#breadcrumb","itemListElement":[{"@type":"ListItem","position":1,"name":"Boutique durag","item":"https:\/\/boutique-durag.com\/es\/inicio\/"},{"@type":"ListItem","position":2,"name":"Tienda","item":"https:\/\/boutique-durag.com\/es\/tienda\/"},{"@type":"ListItem","position":3,"name":"Gorra Wave","item":"https:\/\/boutique-durag.com\/es\/colecciones\/gorra-wave\/"},{"@type":"ListItem","position":4,"name":"gorra ondulada marr\u00f3n"}]},{"@type":"WebSite","@id":"https:\/\/boutique-durag.com\/es\/#website","url":"https:\/\/boutique-durag.com\/es\/","name":"Tienda Durag","description":"Tienda francesa de ropa de calle para hombre y mujer dedicada al mundo del durag y la cultura hip-hop. Descubre nuestra selecci\u00f3n de durag.","publisher":{"@id":"https:\/\/boutique-durag.com\/es\/#organization"},"potentialAction":[{"@type":"SearchAction","target":{"@type":"EntryPoint","urlTemplate":"https:\/\/boutique-durag.com\/es\/?s={search_term_string}"},"query-input":{"@type":"PropertyValueSpecification","valueRequired":true,"valueName":"search_term_string"}}],"inLanguage":"es"},{"@type":"Organization","@id":"https:\/\/boutique-durag.com\/es\/#organization","name":"Tienda Durag","url":"https:\/\/boutique-durag.com\/es\/","logo":{"@type":"ImageObject","inLanguage":"es","@id":"https:\/\/boutique-durag.com\/es\/#\/schema\/logo\/image\/","url":"https:\/\/boutique-durag.com\/wp-content\/uploads\/2023\/05\/cropped-Site-Logo-3-1.png","contentUrl":"https:\/\/boutique-durag.com\/wp-content\/uploads\/2023\/05\/cropped-Site-Logo-3-1.png","width":400,"height":100,"caption":"Tienda Durag"},"image":{"@id":"https:\/\/boutique-durag.com\/es\/#\/schema\/logo\/image\/"}}]}},"_links":{"self":[{"href":"https:\/\/boutique-durag.com\/es\/wp-json\/wp\/v2\/product\/12296"}],"collection":[{"href":"https:\/\/boutique-durag.com\/es\/wp-json\/wp\/v2\/product"}],"about":[{"href":"https:\/\/boutique-durag.com\/es\/wp-json\/wp\/v2\/types\/product"}],"replies":[{"embeddable":true,"href":"https:\/\/boutique-durag.com\/es\/wp-json\/wp\/v2\/comments?post=12296"}],"wp:featuredmedia":[{"embeddable":true,"href":"https:\/\/boutique-durag.com\/es\/wp-json\/wp\/v2\/media\/12203"}],"wp:attachment":[{"href":"https:\/\/boutique-durag.com\/es\/wp-json\/wp\/v2\/media?parent=12296"}],"wp:term":[{"taxonomy":"product_cat","embeddable":true,"href":"https:\/\/boutique-durag.com\/es\/wp-json\/wp\/v2\/product_cat?post=12296"},{"taxonomy":"product_tag","embeddable":true,"href":"https:\/\/boutique-durag.com\/es\/wp-json\/wp\/v2\/product_tag?post=12296"}],"curies":[{"name":"wp","href":"https:\/\/api.w.org\/{rel}","templated":true}]}}

gorra ondulada marrón

<h2><span style="font-size: 1.4em">Si te gustó el diseño de este durag, debes saber que puede proporcionar una protección óptima para tu cabello y darle un aspecto original.</span> </h2>
<ul>
<li class="MsoNormal" style="line-height: normal">Su <b>material suave y no agresivo</b> lo convierte en un accesorio protector para tu piel y dirás adiós a las marcas no deseadas.</ li>
<li class="MsoNormal" style="line-height: normal">Esta gorra ondulada<b>se adapta a todas las cabezas</b> y es fácil de ajustar.</li>
<li class="MsoNormal" style="line-height: normal">Además de proteger tu cabello, <b>hace que mejore</b> con el tiempo.</li>
<li class="MsoNormal" style="line-height: normal">La configuración es <b>rápida y confiable</b>.</li>
<li class="MsoNormal" style="line-height: normal">Esta gorra ondulada es <b>ideal para cualquier estación</b>, ya que puede protegerte y abrigarte.</li>
<li class="MsoNormal" style="line-height: normal">Ya sea que tengas el cabello encrespado, ondulado o rizado, este durag <b>te quedará perfecto</b>.</li>
</ul>
<ul>
<li class="MsoNormal" style="line-height: normal"><b><u>La entrega estándar es gratuita</u></b></li>
</ul>
<p><a href="https://boutique-durag.com/produit/wave-cap-orange/"><u>﻿</u></a><a href="https://boutique -durag.com/produit/wave-cap-orange/">﻿la gorra ondulada de color naranja</a> definitivamente será una buena elección, no dudes en echarle un vistazo</p>
<p><em><b>﻿</b></em><em>﻿categoría:<span> </span><a href="https://boutique-durag.com/es/collections/gorra-wave/" class="broken_link">durag</a></em></p>
<ol></ol>

<p>Si te gustó el diseño de este durag, debes saber que puede proporcionar una protección óptima para tu cabello y darle un aspecto original. Su material suave y no agresivo lo convierte en un accesorio protector para tu piel y dirás adiós a las marcas no deseadas. Esta gorra onduladase adapta a todas las cabezas [&hellip;]</p>

<title>gorra ondulada marrón entrega gratuita | Ahorre un 30% en su pedido</title>
<meta name="description" content="Reciba su gorra ondulada marrón hoy mismo y benefíciese de envío gratuito | 24/48h dispatch" />
<meta name="robots" content="index, follow, max-snippet:-1, max-image-preview:large, max-video-preview:-1" />
<link rel="canonical" href="https://boutique-durag.com/es/producto/wave-cap-marron/" />
<meta property="og:locale" content="es_ES" />
<meta property="og:type" content="article" />
<meta property="og:title" content="gorra ondulada marrón entrega gratuita | Ahorre un 30% en su pedido" />
<meta property="og:description" content="Reciba su gorra ondulada marrón hoy mismo y benefíciese de envío gratuito | 24/48h dispatch" />
<meta property="og:url" content="https://boutique-durag.com/es/producto/wave-cap-marron/" />
<meta property="og:site_name" content="Tienda Durag" />
<meta property="article:modified_time" content="2024-09-17T14:32:59+00:00" />
<meta property="og:image" content="https://boutique-durag.com/wp-content/uploads/2023/05/product-image-1457393901.jpg" />
	<meta property="og:image:width" content="640" />
	<meta property="og:image:height" content="640" />
	<meta property="og:image:type" content="image/jpeg" />
<meta name="twitter:card" content="summary_large_image" />
<meta name="twitter:label1" content="Tiempo de lectura" />
	<meta name="twitter:data1" content="1 minuto" />
<script type="application/ld+json" class="yoast-schema-graph">{"@context":"https://schema.org","@graph":[{"@type":"WebPage","@id":"https://boutique-durag.com/es/producto/wave-cap-marron/","url":"https://boutique-durag.com/es/producto/wave-cap-marron/","name":"gorra ondulada marrón entrega gratuita | Ahorre un 30% en su pedido","isPartOf":{"@id":"https://boutique-durag.com/es/#website"},"primaryImageOfPage":{"@id":"https://boutique-durag.com/es/producto/wave-cap-marron/#primaryimage"},"image":{"@id":"https://boutique-durag.com/es/producto/wave-cap-marron/#primaryimage"},"thumbnailUrl":"https://boutique-durag.com/wp-content/uploads/2023/05/product-image-1457393901.jpg","datePublished":"2023-05-30T09:11:48+00:00","dateModified":"2024-09-17T14:32:59+00:00","description":"Reciba su gorra ondulada marrón hoy mismo y benefíciese de envío gratuito | 24/48h dispatch","breadcrumb":{"@id":"https://boutique-durag.com/es/producto/wave-cap-marron/#breadcrumb"},"inLanguage":"es","potentialAction":[{"@type":"ReadAction","target":["https://boutique-durag.com/es/producto/wave-cap-marron/"]}]},{"@type":"ImageObject","inLanguage":"es","@id":"https://boutique-durag.com/es/producto/wave-cap-marron/#primaryimage","url":"https://boutique-durag.com/wp-content/uploads/2023/05/product-image-1457393901.jpg","contentUrl":"https://boutique-durag.com/wp-content/uploads/2023/05/product-image-1457393901.jpg","width":640,"height":640},{"@type":"BreadcrumbList","@id":"https://boutique-durag.com/es/producto/wave-cap-marron/#breadcrumb","itemListElement":[{"@type":"ListItem","position":1,"name":"Boutique durag","item":"https://boutique-durag.com/es/inicio/"},{"@type":"ListItem","position":2,"name":"Tienda","item":"https://boutique-durag.com/es/tienda/"},{"@type":"ListItem","position":3,"name":"Gorra Wave","item":"https://boutique-durag.com/es/colecciones/gorra-wave/"},{"@type":"ListItem","position":4,"name":"gorra ondulada marrón"}]},{"@type":"WebSite","@id":"https://boutique-durag.com/es/#website","url":"https://boutique-durag.com/es/","name":"Tienda Durag","description":"Tienda francesa de ropa de calle para hombre y mujer dedicada al mundo del durag y la cultura hip-hop. Descubre nuestra selección de durag.","publisher":{"@id":"https://boutique-durag.com/es/#organization"},"potentialAction":[{"@type":"SearchAction","target":{"@type":"EntryPoint","urlTemplate":"https://boutique-durag.com/es/?s={search_term_string}"},"query-input":{"@type":"PropertyValueSpecification","valueRequired":true,"valueName":"search_term_string"}}],"inLanguage":"es"},{"@type":"Organization","@id":"https://boutique-durag.com/es/#organization","name":"Tienda Durag","url":"https://boutique-durag.com/es/","logo":{"@type":"ImageObject","inLanguage":"es","@id":"https://boutique-durag.com/es/#/schema/logo/image/","url":"https://boutique-durag.com/wp-content/uploads/2023/05/cropped-Site-Logo-3-1.png","contentUrl":"https://boutique-durag.com/wp-content/uploads/2023/05/cropped-Site-Logo-3-1.png","width":400,"height":100,"caption":"Tienda Durag"},"image":{"@id":"https://boutique-durag.com/es/#/schema/logo/image/"}}]}</script>

gorra ondulada marrón entrega gratuita | Ahorre un 30% en su pedido

Reciba su gorra ondulada marrón hoy mismo y benefíciese de envío gratuito | 24/48h dispatch

Tienda francesa de ropa de calle para hombre y mujer dedicada al mundo del durag y la cultura hip-hop. Descubre nuestra selección de durag.
