{"id":12294,"date":"2023-05-30T09:11:51","date_gmt":"2023-05-30T09:11:51","guid":{"rendered":"https:\/\/boutique-durag.com\/produit\/wave-cap-blanc-marron\/"},"modified":"2024-09-17T14:32:58","modified_gmt":"2024-09-17T14:32:58","slug":"wave-cap-blanc-marron","status":"publish","type":"product","link":"https:\/\/boutique-durag.com\/es\/producto\/wave-cap-blanc-marron\/","title":{"rendered":"gorra ondulada blanco marr\u00f3n"},"content":{"rendered":"<h2>La Wave Cap es un accesorio perfecto para proporcionar compresi\u00f3n adicional durante el Wolfing. Con este gorro podr\u00e1s peinar tu cabello f\u00e1cilmente sin que la piel se irrite, incluso <strong>si lo usas durante horas<\/strong>. Es apto para todo tipo de cabello, ya sean trenzas, peluca o rastas, y ayudar\u00e1 a proteger tu corte. <strong>F\u00e1cil y r\u00e1pido de poner<\/strong>, este gorro tambi\u00e9n es apto para todas las estaciones, especialmente para proteger tu cabello del fr\u00edo en invierno. Adem\u00e1s sus acabados est\u00e1n muy bien logrados y el <strong><u>env\u00edo es gratuito<\/u><\/strong>. Si buscas estampados de camuflaje, \u00a1no dudes en consultar la <a href=\"https:\/\/boutique-durag.com\/es\/produit\/wave-cap-militaire\/\">Gorra Militar Wave<\/a>!<\/h2>\n<p><em>Categor\u00eda: <a href=\"https:\/\/boutique-durag.com\/es\/collections\/gorra-wave\/\" class=\"broken_link\">Gorra Onda <\/a><\/em><\/p>\n","protected":false},"excerpt":{"rendered":"<p>La Wave Cap es un accesorio perfecto para proporcionar compresi\u00f3n adicional durante el Wolfing. Con este gorro podr\u00e1s peinar tu cabello f\u00e1cilmente sin que la piel se irrite, incluso si lo usas durante horas. Es apto para todo tipo de cabello, ya sean trenzas, peluca o rastas, y ayudar\u00e1 a proteger tu corte. F\u00e1cil y [&hellip;]<\/p>\n","protected":false},"featured_media":12207,"comment_status":"open","ping_status":"closed","template":"","meta":[],"product_cat":[636],"product_tag":[],"class_list":{"0":"post-12294","1":"product","2":"type-product","3":"status-publish","4":"has-post-thumbnail","6":"product_cat-gorra-wave","8":"first","9":"instock","10":"shipping-taxable","11":"purchasable","12":"product-type-simple"},"yoast_head":"<title>gorra ondulada blanco marr\u00f3n entrega gratuita | Ahorre un 30% en su pedido<\/title>\n<meta name=\"description\" content=\"Reciba su gorra ondulada blanco marr\u00f3n hoy mismo y benef\u00edciese de env\u00edo gratuito | 24\/48h dispatch\" \/>\n<meta name=\"robots\" content=\"index, follow, max-snippet:-1, max-image-preview:large, max-video-preview:-1\" \/>\n<link rel=\"canonical\" href=\"https:\/\/boutique-durag.com\/es\/producto\/wave-cap-blanc-marron\/\" \/>\n<meta property=\"og:locale\" content=\"es_ES\" \/>\n<meta property=\"og:type\" content=\"article\" \/>\n<meta property=\"og:title\" content=\"gorra ondulada blanco marr\u00f3n entrega gratuita | Ahorre un 30% en su pedido\" \/>\n<meta property=\"og:description\" content=\"Reciba su gorra ondulada blanco marr\u00f3n hoy mismo y benef\u00edciese de env\u00edo gratuito | 24\/48h dispatch\" \/>\n<meta property=\"og:url\" content=\"https:\/\/boutique-durag.com\/es\/producto\/wave-cap-blanc-marron\/\" \/>\n<meta property=\"og:site_name\" content=\"Tienda Durag\" \/>\n<meta property=\"article:modified_time\" content=\"2024-09-17T14:32:58+00:00\" \/>\n<meta property=\"og:image\" content=\"https:\/\/boutique-durag.com\/wp-content\/uploads\/2023\/05\/product-image-1724686477.jpg\" \/>\n\t<meta property=\"og:image:width\" content=\"640\" \/>\n\t<meta property=\"og:image:height\" content=\"640\" \/>\n\t<meta property=\"og:image:type\" content=\"image\/jpeg\" \/>\n<meta name=\"twitter:card\" content=\"summary_large_image\" \/>\n<meta name=\"twitter:label1\" content=\"Tiempo de lectura\" \/>\n\t<meta name=\"twitter:data1\" content=\"1 minuto\" \/>\n<script type=\"application\/ld+json\" class=\"yoast-schema-graph\">{\"@context\":\"https:\/\/schema.org\",\"@graph\":[{\"@type\":\"WebPage\",\"@id\":\"https:\/\/boutique-durag.com\/es\/producto\/wave-cap-blanc-marron\/\",\"url\":\"https:\/\/boutique-durag.com\/es\/producto\/wave-cap-blanc-marron\/\",\"name\":\"gorra ondulada blanco marr\u00f3n entrega gratuita | Ahorre un 30% en su pedido\",\"isPartOf\":{\"@id\":\"https:\/\/boutique-durag.com\/es\/#website\"},\"primaryImageOfPage\":{\"@id\":\"https:\/\/boutique-durag.com\/es\/producto\/wave-cap-blanc-marron\/#primaryimage\"},\"image\":{\"@id\":\"https:\/\/boutique-durag.com\/es\/producto\/wave-cap-blanc-marron\/#primaryimage\"},\"thumbnailUrl\":\"https:\/\/boutique-durag.com\/wp-content\/uploads\/2023\/05\/product-image-1724686477.jpg\",\"datePublished\":\"2023-05-30T09:11:51+00:00\",\"dateModified\":\"2024-09-17T14:32:58+00:00\",\"description\":\"Reciba su gorra ondulada blanco marr\u00f3n hoy mismo y benef\u00edciese de env\u00edo gratuito | 24\/48h dispatch\",\"breadcrumb\":{\"@id\":\"https:\/\/boutique-durag.com\/es\/producto\/wave-cap-blanc-marron\/#breadcrumb\"},\"inLanguage\":\"es\",\"potentialAction\":[{\"@type\":\"ReadAction\",\"target\":[\"https:\/\/boutique-durag.com\/es\/producto\/wave-cap-blanc-marron\/\"]}]},{\"@type\":\"ImageObject\",\"inLanguage\":\"es\",\"@id\":\"https:\/\/boutique-durag.com\/es\/producto\/wave-cap-blanc-marron\/#primaryimage\",\"url\":\"https:\/\/boutique-durag.com\/wp-content\/uploads\/2023\/05\/product-image-1724686477.jpg\",\"contentUrl\":\"https:\/\/boutique-durag.com\/wp-content\/uploads\/2023\/05\/product-image-1724686477.jpg\",\"width\":640,\"height\":640},{\"@type\":\"BreadcrumbList\",\"@id\":\"https:\/\/boutique-durag.com\/es\/producto\/wave-cap-blanc-marron\/#breadcrumb\",\"itemListElement\":[{\"@type\":\"ListItem\",\"position\":1,\"name\":\"Boutique durag\",\"item\":\"https:\/\/boutique-durag.com\/es\/inicio\/\"},{\"@type\":\"ListItem\",\"position\":2,\"name\":\"Tienda\",\"item\":\"https:\/\/boutique-durag.com\/es\/tienda\/\"},{\"@type\":\"ListItem\",\"position\":3,\"name\":\"Gorra Wave\",\"item\":\"https:\/\/boutique-durag.com\/es\/colecciones\/gorra-wave\/\"},{\"@type\":\"ListItem\",\"position\":4,\"name\":\"gorra ondulada blanco marr\u00f3n\"}]},{\"@type\":\"WebSite\",\"@id\":\"https:\/\/boutique-durag.com\/es\/#website\",\"url\":\"https:\/\/boutique-durag.com\/es\/\",\"name\":\"Tienda Durag\",\"description\":\"Tienda francesa de ropa de calle para hombre y mujer dedicada al mundo del durag y la cultura hip-hop. Descubre nuestra selecci\u00f3n de durag.\",\"publisher\":{\"@id\":\"https:\/\/boutique-durag.com\/es\/#organization\"},\"potentialAction\":[{\"@type\":\"SearchAction\",\"target\":{\"@type\":\"EntryPoint\",\"urlTemplate\":\"https:\/\/boutique-durag.com\/es\/?s={search_term_string}\"},\"query-input\":{\"@type\":\"PropertyValueSpecification\",\"valueRequired\":true,\"valueName\":\"search_term_string\"}}],\"inLanguage\":\"es\"},{\"@type\":\"Organization\",\"@id\":\"https:\/\/boutique-durag.com\/es\/#organization\",\"name\":\"Tienda Durag\",\"url\":\"https:\/\/boutique-durag.com\/es\/\",\"logo\":{\"@type\":\"ImageObject\",\"inLanguage\":\"es\",\"@id\":\"https:\/\/boutique-durag.com\/es\/#\/schema\/logo\/image\/\",\"url\":\"https:\/\/boutique-durag.com\/wp-content\/uploads\/2023\/05\/cropped-Site-Logo-3-1.png\",\"contentUrl\":\"https:\/\/boutique-durag.com\/wp-content\/uploads\/2023\/05\/cropped-Site-Logo-3-1.png\",\"width\":400,\"height\":100,\"caption\":\"Tienda Durag\"},\"image\":{\"@id\":\"https:\/\/boutique-durag.com\/es\/#\/schema\/logo\/image\/\"}}]}<\/script>","yoast_head_json":{"title":"gorra ondulada blanco marr\u00f3n entrega gratuita | Ahorre un 30% en su pedido","description":"Reciba su gorra ondulada blanco marr\u00f3n hoy mismo y benef\u00edciese de env\u00edo gratuito | 24\/48h dispatch","robots":{"index":"index","follow":"follow","max-snippet":"max-snippet:-1","max-image-preview":"max-image-preview:large","max-video-preview":"max-video-preview:-1"},"canonical":"https:\/\/boutique-durag.com\/es\/producto\/wave-cap-blanc-marron\/","og_locale":"es_ES","og_type":"article","og_title":"gorra ondulada blanco marr\u00f3n entrega gratuita | Ahorre un 30% en su pedido","og_description":"Reciba su gorra ondulada blanco marr\u00f3n hoy mismo y benef\u00edciese de env\u00edo gratuito | 24\/48h dispatch","og_url":"https:\/\/boutique-durag.com\/es\/producto\/wave-cap-blanc-marron\/","og_site_name":"Tienda Durag","article_modified_time":"2024-09-17T14:32:58+00:00","og_image":[{"width":640,"height":640,"url":"https:\/\/boutique-durag.com\/wp-content\/uploads\/2023\/05\/product-image-1724686477.jpg","type":"image\/jpeg"}],"twitter_card":"summary_large_image","twitter_misc":{"Tiempo de lectura":"1 minuto"},"schema":{"@context":"https:\/\/schema.org","@graph":[{"@type":"WebPage","@id":"https:\/\/boutique-durag.com\/es\/producto\/wave-cap-blanc-marron\/","url":"https:\/\/boutique-durag.com\/es\/producto\/wave-cap-blanc-marron\/","name":"gorra ondulada blanco marr\u00f3n entrega gratuita | Ahorre un 30% en su pedido","isPartOf":{"@id":"https:\/\/boutique-durag.com\/es\/#website"},"primaryImageOfPage":{"@id":"https:\/\/boutique-durag.com\/es\/producto\/wave-cap-blanc-marron\/#primaryimage"},"image":{"@id":"https:\/\/boutique-durag.com\/es\/producto\/wave-cap-blanc-marron\/#primaryimage"},"thumbnailUrl":"https:\/\/boutique-durag.com\/wp-content\/uploads\/2023\/05\/product-image-1724686477.jpg","datePublished":"2023-05-30T09:11:51+00:00","dateModified":"2024-09-17T14:32:58+00:00","description":"Reciba su gorra ondulada blanco marr\u00f3n hoy mismo y benef\u00edciese de env\u00edo gratuito | 24\/48h dispatch","breadcrumb":{"@id":"https:\/\/boutique-durag.com\/es\/producto\/wave-cap-blanc-marron\/#breadcrumb"},"inLanguage":"es","potentialAction":[{"@type":"ReadAction","target":["https:\/\/boutique-durag.com\/es\/producto\/wave-cap-blanc-marron\/"]}]},{"@type":"ImageObject","inLanguage":"es","@id":"https:\/\/boutique-durag.com\/es\/producto\/wave-cap-blanc-marron\/#primaryimage","url":"https:\/\/boutique-durag.com\/wp-content\/uploads\/2023\/05\/product-image-1724686477.jpg","contentUrl":"https:\/\/boutique-durag.com\/wp-content\/uploads\/2023\/05\/product-image-1724686477.jpg","width":640,"height":640},{"@type":"BreadcrumbList","@id":"https:\/\/boutique-durag.com\/es\/producto\/wave-cap-blanc-marron\/#breadcrumb","itemListElement":[{"@type":"ListItem","position":1,"name":"Boutique durag","item":"https:\/\/boutique-durag.com\/es\/inicio\/"},{"@type":"ListItem","position":2,"name":"Tienda","item":"https:\/\/boutique-durag.com\/es\/tienda\/"},{"@type":"ListItem","position":3,"name":"Gorra Wave","item":"https:\/\/boutique-durag.com\/es\/colecciones\/gorra-wave\/"},{"@type":"ListItem","position":4,"name":"gorra ondulada blanco marr\u00f3n"}]},{"@type":"WebSite","@id":"https:\/\/boutique-durag.com\/es\/#website","url":"https:\/\/boutique-durag.com\/es\/","name":"Tienda Durag","description":"Tienda francesa de ropa de calle para hombre y mujer dedicada al mundo del durag y la cultura hip-hop. Descubre nuestra selecci\u00f3n de durag.","publisher":{"@id":"https:\/\/boutique-durag.com\/es\/#organization"},"potentialAction":[{"@type":"SearchAction","target":{"@type":"EntryPoint","urlTemplate":"https:\/\/boutique-durag.com\/es\/?s={search_term_string}"},"query-input":{"@type":"PropertyValueSpecification","valueRequired":true,"valueName":"search_term_string"}}],"inLanguage":"es"},{"@type":"Organization","@id":"https:\/\/boutique-durag.com\/es\/#organization","name":"Tienda Durag","url":"https:\/\/boutique-durag.com\/es\/","logo":{"@type":"ImageObject","inLanguage":"es","@id":"https:\/\/boutique-durag.com\/es\/#\/schema\/logo\/image\/","url":"https:\/\/boutique-durag.com\/wp-content\/uploads\/2023\/05\/cropped-Site-Logo-3-1.png","contentUrl":"https:\/\/boutique-durag.com\/wp-content\/uploads\/2023\/05\/cropped-Site-Logo-3-1.png","width":400,"height":100,"caption":"Tienda Durag"},"image":{"@id":"https:\/\/boutique-durag.com\/es\/#\/schema\/logo\/image\/"}}]}},"_links":{"self":[{"href":"https:\/\/boutique-durag.com\/es\/wp-json\/wp\/v2\/product\/12294"}],"collection":[{"href":"https:\/\/boutique-durag.com\/es\/wp-json\/wp\/v2\/product"}],"about":[{"href":"https:\/\/boutique-durag.com\/es\/wp-json\/wp\/v2\/types\/product"}],"replies":[{"embeddable":true,"href":"https:\/\/boutique-durag.com\/es\/wp-json\/wp\/v2\/comments?post=12294"}],"wp:featuredmedia":[{"embeddable":true,"href":"https:\/\/boutique-durag.com\/es\/wp-json\/wp\/v2\/media\/12207"}],"wp:attachment":[{"href":"https:\/\/boutique-durag.com\/es\/wp-json\/wp\/v2\/media?parent=12294"}],"wp:term":[{"taxonomy":"product_cat","embeddable":true,"href":"https:\/\/boutique-durag.com\/es\/wp-json\/wp\/v2\/product_cat?post=12294"},{"taxonomy":"product_tag","embeddable":true,"href":"https:\/\/boutique-durag.com\/es\/wp-json\/wp\/v2\/product_tag?post=12294"}],"curies":[{"name":"wp","href":"https:\/\/api.w.org\/{rel}","templated":true}]}}

gorra ondulada blanco marrón

<h2>La Wave Cap es un accesorio perfecto para proporcionar compresión adicional durante el Wolfing. Con este gorro podrás peinar tu cabello fácilmente sin que la piel se irrite, incluso <strong>si lo usas durante horas</strong>. Es apto para todo tipo de cabello, ya sean trenzas, peluca o rastas, y ayudará a proteger tu corte. <strong>Fácil y rápido de poner</strong>, este gorro también es apto para todas las estaciones, especialmente para proteger tu cabello del frío en invierno. Además sus acabados están muy bien logrados y el <strong><u>envío es gratuito</u></strong>. Si buscas estampados de camuflaje, ¡no dudes en consultar la <a href="https://boutique-durag.com/es/produit/wave-cap-militaire/">Gorra Militar Wave</a>!</h2>
<p><em>Categoría: <a href="https://boutique-durag.com/es/collections/gorra-wave/" class="broken_link">Gorra Onda </a></em></p>

<p>La Wave Cap es un accesorio perfecto para proporcionar compresión adicional durante el Wolfing. Con este gorro podrás peinar tu cabello fácilmente sin que la piel se irrite, incluso si lo usas durante horas. Es apto para todo tipo de cabello, ya sean trenzas, peluca o rastas, y ayudará a proteger tu corte. Fácil y [&hellip;]</p>

<title>gorra ondulada blanco marrón entrega gratuita | Ahorre un 30% en su pedido</title>
<meta name="description" content="Reciba su gorra ondulada blanco marrón hoy mismo y benefíciese de envío gratuito | 24/48h dispatch" />
<meta name="robots" content="index, follow, max-snippet:-1, max-image-preview:large, max-video-preview:-1" />
<link rel="canonical" href="https://boutique-durag.com/es/producto/wave-cap-blanc-marron/" />
<meta property="og:locale" content="es_ES" />
<meta property="og:type" content="article" />
<meta property="og:title" content="gorra ondulada blanco marrón entrega gratuita | Ahorre un 30% en su pedido" />
<meta property="og:description" content="Reciba su gorra ondulada blanco marrón hoy mismo y benefíciese de envío gratuito | 24/48h dispatch" />
<meta property="og:url" content="https://boutique-durag.com/es/producto/wave-cap-blanc-marron/" />
<meta property="og:site_name" content="Tienda Durag" />
<meta property="article:modified_time" content="2024-09-17T14:32:58+00:00" />
<meta property="og:image" content="https://boutique-durag.com/wp-content/uploads/2023/05/product-image-1724686477.jpg" />
	<meta property="og:image:width" content="640" />
	<meta property="og:image:height" content="640" />
	<meta property="og:image:type" content="image/jpeg" />
<meta name="twitter:card" content="summary_large_image" />
<meta name="twitter:label1" content="Tiempo de lectura" />
	<meta name="twitter:data1" content="1 minuto" />
<script type="application/ld+json" class="yoast-schema-graph">{"@context":"https://schema.org","@graph":[{"@type":"WebPage","@id":"https://boutique-durag.com/es/producto/wave-cap-blanc-marron/","url":"https://boutique-durag.com/es/producto/wave-cap-blanc-marron/","name":"gorra ondulada blanco marrón entrega gratuita | Ahorre un 30% en su pedido","isPartOf":{"@id":"https://boutique-durag.com/es/#website"},"primaryImageOfPage":{"@id":"https://boutique-durag.com/es/producto/wave-cap-blanc-marron/#primaryimage"},"image":{"@id":"https://boutique-durag.com/es/producto/wave-cap-blanc-marron/#primaryimage"},"thumbnailUrl":"https://boutique-durag.com/wp-content/uploads/2023/05/product-image-1724686477.jpg","datePublished":"2023-05-30T09:11:51+00:00","dateModified":"2024-09-17T14:32:58+00:00","description":"Reciba su gorra ondulada blanco marrón hoy mismo y benefíciese de envío gratuito | 24/48h dispatch","breadcrumb":{"@id":"https://boutique-durag.com/es/producto/wave-cap-blanc-marron/#breadcrumb"},"inLanguage":"es","potentialAction":[{"@type":"ReadAction","target":["https://boutique-durag.com/es/producto/wave-cap-blanc-marron/"]}]},{"@type":"ImageObject","inLanguage":"es","@id":"https://boutique-durag.com/es/producto/wave-cap-blanc-marron/#primaryimage","url":"https://boutique-durag.com/wp-content/uploads/2023/05/product-image-1724686477.jpg","contentUrl":"https://boutique-durag.com/wp-content/uploads/2023/05/product-image-1724686477.jpg","width":640,"height":640},{"@type":"BreadcrumbList","@id":"https://boutique-durag.com/es/producto/wave-cap-blanc-marron/#breadcrumb","itemListElement":[{"@type":"ListItem","position":1,"name":"Boutique durag","item":"https://boutique-durag.com/es/inicio/"},{"@type":"ListItem","position":2,"name":"Tienda","item":"https://boutique-durag.com/es/tienda/"},{"@type":"ListItem","position":3,"name":"Gorra Wave","item":"https://boutique-durag.com/es/colecciones/gorra-wave/"},{"@type":"ListItem","position":4,"name":"gorra ondulada blanco marrón"}]},{"@type":"WebSite","@id":"https://boutique-durag.com/es/#website","url":"https://boutique-durag.com/es/","name":"Tienda Durag","description":"Tienda francesa de ropa de calle para hombre y mujer dedicada al mundo del durag y la cultura hip-hop. Descubre nuestra selección de durag.","publisher":{"@id":"https://boutique-durag.com/es/#organization"},"potentialAction":[{"@type":"SearchAction","target":{"@type":"EntryPoint","urlTemplate":"https://boutique-durag.com/es/?s={search_term_string}"},"query-input":{"@type":"PropertyValueSpecification","valueRequired":true,"valueName":"search_term_string"}}],"inLanguage":"es"},{"@type":"Organization","@id":"https://boutique-durag.com/es/#organization","name":"Tienda Durag","url":"https://boutique-durag.com/es/","logo":{"@type":"ImageObject","inLanguage":"es","@id":"https://boutique-durag.com/es/#/schema/logo/image/","url":"https://boutique-durag.com/wp-content/uploads/2023/05/cropped-Site-Logo-3-1.png","contentUrl":"https://boutique-durag.com/wp-content/uploads/2023/05/cropped-Site-Logo-3-1.png","width":400,"height":100,"caption":"Tienda Durag"},"image":{"@id":"https://boutique-durag.com/es/#/schema/logo/image/"}}]}</script>

gorra ondulada blanco marrón entrega gratuita | Ahorre un 30% en su pedido

Reciba su gorra ondulada blanco marrón hoy mismo y benefíciese de envío gratuito | 24/48h dispatch

Tienda francesa de ropa de calle para hombre y mujer dedicada al mundo del durag y la cultura hip-hop. Descubre nuestra selección de durag.
